34. Let b(z) = i*a(z) + y*s(z). Calculate b(-6).
-7
Let u(d) be the first derivative of -d**3/6 - 2*d**2 + 2*d - 1. Let f(o) be the first derivative of u(o). Let r(k) = k**2 - 19*k + 3. Let n be r(19). Give f(n).
-7
Let k = -330 + 334. Let g(t) = -t**3 + 3*t**2 - t + 6. Give g(k).
-14
Let n(p) be the third derivative of p**5/60 + p**4/24 + 5*p**3/6 - 2*p**2 - 157. What is n(0)?
5
Let l(f) = -f**3 + 5*f**2 - 3*f - 5. Suppose -3*p - 2 = -2*p + 4*m, 4*m + 4 = 0. Let t be (-1 + -2 + p)*-4. Give l(t).
-1
Let i(z) be the third derivative of -z**5/60 - z**4/6 + z**3 + 11*z**2 + 2*z. Calculate i(-5).
1
Suppose 4*c - 17 = -5*s, -s = 3*s + c - 18. Let h(v) = 59*v - 129*v + 65*v - v**2 - 7 + 2*v**2. Give h(s).
-7
Let g(h) be the second derivative of -h**3 - 25*h**2/2 + 2*h - 91. Calculate g(-4).
-1
Let t(f) = -13*f**2 - 5*f - 3. Let b(g) = 9*g**2 + 4*g + 2. Let u(i) = -3*b(i) - 2*t(i). Let j = 4 + -2. Suppose -j*k - 1 = -2*p - 9, -2*p + 4 = 2*k. Give u(p).
1
Let v be (-9)/(-2)*(-2)/(-3). Let j(q) = -2*q**3 - 3*q**2 - 2*q - 3. Let x be j(-2). Let y(i) = 3*i - 6 - i**3 + i**2 + 1 + x. What is y(v)?
-9
Suppose 14*l + 55 = 5*r + 9*l, -4*r + 3*l = -45. Let k(j) = j**2 - 12*j - 5. What is k(r)?
-5
Let y(p) be the second derivative of -1/2*p**2 + 7*p + 0 - 1/12*p**4 - p**3. Let v be y(-4). Let n(f) = -f**3 + 8*f**2 - 8*f + 1. What is n(v)?
-6
Let t(x) be the first derivative of x**3/3 + 15*x**2/2 + 16*x - 125. Give t(-14).
2
Let t(w) = -w**3 - 2*w**2 + w. Let n(f) = -2*f**3 - 5*f**2 + 3*f + 1. Let c(m) = n(m) - 3*t(m). Determine c(-3).
-17
Let a(h) = 2*h**3 - h**2. Let f be a(-1). Let o(r) be the third derivative of 1/8*r**4 + 0*r - 1/120*r**6 - 7*r**2 + 0 - 1/30*r**5 - 1/3*r**3. Determine o(f).
-2
Let l(i) = -i + 1. Suppose 3*g = -5 + 17. Let j(q) = -1 + g - q - 2. Let z(o) = 3*j(o) - 2*l(o). Give z(-3).
4
Suppose 5*n + 3*z = -86 + 398, -4*z + 16 = 0. Let t = n + -72. Let k(c) = -c**3 - 12*c**2 - c - 17. What is k(t)?
-5
Let s = -20 - -46. Suppose -5*r - s = -v, -2*v - 2 = -2*r - 22. Let l(t) = -t**3 + 5*t**2 + 9*t - 1. Give l(v).
17
Let u(i) = 2*i**2 + 3*i - 6. Let c be u(-3). Let q(w) = w**3 - 56*w + 1 + 49*w - 3 + 2*w**2 - c. What is q(-4)?
-9
Let y(x) = x**3 - 23*x**2 + 20*x + 53. Let r be y(22). Let m(k) = -k**2 + 7*k + 21. Give m(r).
3
Let u(d) = 2*d**3 + 102*d**2 - 2*d - 88. Let x be u(-51). Let k(g) = g - 18. Calculate k(x).
-4
Let l(r) be the third derivative of -r**4/4 + 2*r**3/3 - 25*r**2. Let s be l(2). Let g(a) = a**2 + 8*a + 2. Give g(s).
2
Let y(b) = 3*b + 6. Let w be (-6)/4*(-48)/(-12). What is y(w)?
-12
Let y(q) = q**2 - 8*q - 3*q**2 + 2 + q**2 + q**3 + 11*q - 1. Calculate y(3).
28
Let a(z) = -z**2 - 5*z - 3. Suppose 4*u - 55 = 15*u. What is a(u)?
-3
Let y(c) = c**2 - 11*c + 6. Let l(d) = -13*d + 76. Suppose -3*g - 1 = -16. Let v be l(g). What is y(v)?
6
Let j(h) be the third derivative of 7*h**6/360 - 2*h**4/3 - 41*h**2. Let r(q) be the second derivative of j(q). What is r(1)?
14
Suppose -2*x + 0 = 4, 4*x + 16 = 4*i. Let n(s) = -61 + 64 + i*s**2 - s**3 - 6*s**2. Let z(f) = f**3 - 6*f**2 - 2*f + 9. Let d be z(6). Give n(d).
-6
Let m(y) be the first derivative of -2*y**2 - 2*y**3 - 10 - 1/4*y**4 + 4*y. Let c(g) = -g**3 - 4*g**2 - 2*g - 2. Let q be c(-3). Determine m(q).
-1
Let d(g) = -34*g**2 - 27*g**2 - 10*g - 30*g**2 + 92*g**2 - 3. Calculate d(7).
-24
Let w(j) = 2. Let q(g) = g**2 + 9*g + 18. Let l(y) = q(y) - 6*w(y). What is l(-8)?
-2
Let f(w) be the second derivative of -1/4*w**4 - w**2 + 1/6*w**3 + 4*w + 0 - 1/20*w**5. What is f(-3)?
-5
Let l(k) = 14*k + 32. Let c(b) = -9*b - 21. Let p(d) = -d**3 - 3*d**2 - 2*d + 2. Let a be p(-3). Let s(z) = a*c(z) + 5*l(z). Give s(-8).
8
Let f(j) = j + 6. Let a be (-63)/(-14)*(-2)/3. Let i be (-4)/(-1 - a)*-3. What is f(i)?
12
Let c(k) be the second derivative of -k**4/12 - 16*k. Let l(q) = -6*q**2 - 2*q - 1. Let n(b) = 5*c(b) - l(b). Let p be (-2)/(-5)*(-7 + 2). Determine n(p).
1
Suppose 5*a - 260 = -2*w - w, -250 = -5*a - 5*w. Let l = -57 + a. Let p(g) = 2*g**2 + 4*g + 3. Give p(l).
3
Let b be (-7)/((-14)/(-26)) + 3. Let p(a) = -a**2 - 10*a - 6. Determine p(b).
-6
Let x(k) = -3*k + 14. Let o(d) = 2*d**2 + 3*d - 9. Let y be o(2). What is x(y)?
-1
Let l(d) be the second derivative of d**7/840 - d**6/60 + d**5/120 + 7*d**4/24 - 3*d**3/2 + 7*d. Let n(r) be the second derivative of l(r). Give n(5).
-13
Let v(j) = 7*j + 142*j**2 - 148*j**2 - j**3 + 2*j + 11 - 1. Suppose -2*n - 5*s = 39, n + s = 8 - 20. Determine v(n).
-4
Let l(n) = -4*n**2 + 4*n**2 - 1 - 6*n + n**2. Let a(c) = -c**2 - 20*c + 51. Let f be a(-21). Suppose -20 = -5*r, 0 = 4*b + 2*r - f + 2. Calculate l(b).
-6
Let m(r) = 2*r**3 + 73*r**2 - 39*r - 82. Let j be m(-37). Let l(z) = z**2 + 11*z + 2. Give l(j).
-22
Let j(q) = -q**3 - q**2 - 2*q - 1. Let n(m) = -m**2 - m - 1. Let u(b) = 3*j(b) - 4*n(b). What is u(1)?
-3
Suppose -6 = z - 4*z. Let f(o) = -2*o**2. Let s(c) = 3*c**2. Let k(y) = 7*f(y) + 5*s(y). Give k(z).
4
Let c(m) = 3*m - 9. Let a(y) = y**3 + 9*y**2 + 16*y - 6. Let j be a(-6). Calculate c(j).
9
Let m(f) = f**2 + 3*f + 3. Let j be (-6 + 0)*10/(-3). Let n = j + -17. Suppose n*i = 4*q, 4*q + 4*i + 28 = -0*i. What is m(q)?
3
Let n be 58/(-3) - (-16)/(-24). Let z be 21/14*n/(-6). Suppose 24*s = 25*s - z. Let o(y) = y - 12. Determine o(s).
-7
Suppose 0 = 5*t - 15, t - 9 = -h + 16. Suppose 5 = 2*p + 5*j, 3*j - 5*j = 4*p - 18. Suppose w = 3*q + h, -w - p*q + 4 = 22. Let z(u) = -u + 4. Calculate z(w).
-3
Let y(o) = -o**3 - o. Let i(t) = -4*t**3 - 4*t**2 - 7*t + 5. Let a(u) = -i(u) + 5*y(u). What is a(4)?
3
Let h(b) = b**3 + 10*b**2 + 18*b - 11. Let c be h(-6). Suppose -a - 5*z = 4*a - 50, 3*a + 2*z = c. Let x(g) = -g**2 + 1 - 5*g + 2*g**2 - 7. What is x(a)?
-6
Let a(n) = 0*n + 4*n - 5*n + 258 + 5*n - 279. What is a(8)?
11
Let u = 8 + -5. Let g(n) = 359 - 177 + n**2 - 181. Determine g(u).
10
Let v(i) = 64*i - 44. Let b(x) = -46*x + 31. Let d(s) = -7*b(s) - 5*v(s). Suppose 5 = -3*t + 17. Give d(t).
11
Let l(k) = k**3 - 6*k**2 - 9*k + 14. Let d be l(7). Let a(r) = r**2 - r + 2. What is a(d)?
2
Let x(v) = 6*v**2 + 12*v + 19. Let u(j) = -5*j**2 - 13*j - 17. Let i(l) = -5*u(l) - 4*x(l). Determine i(-17).
9
Let j(w) = -w**3 + 12*w**2 + 2*w - 4. Let k = -838 - -850. Calculate j(k).
20
Let k(j) = -3 - 1 + 0*j - 2*j + j. Let u be k(-5). Let m(w) be the first derivative of -9*w**4/4 + w**3/3 - w**2 + w - 2. Calculate m(u).
-9
Let a = 325 - 332. Let k(w) = 4*w + 4. Determine k(a).
-24
Let i(o) = -o**2 - 7*o + 6. Let a(c) = -1. Let v(f) = 2*f**2 + 2*f - 2. Let l(y) = 2*a(y) + v(y). Let q be l(2). Let h be 2/(-4)*q + -3. What is i(h)?
6
Let o(i) = -5*i - 3 + 9 - 7. Give o(2).
-11
Let w(l) = -6*l**2 + 7*l + 3*l**3 + 6*l + 1 - 5*l - 4*l**3. Suppose -5*s + 0*s + 4*r = 55, -4*r = -3*s - 41. What is w(s)?
-6
Suppose -o = -2 + 4. Let y = o + 4. Let b(d) = -d**y + 8*d + 1 - 7*d - d. What is b(-2)?
-3
Suppose l + 2*i - 7*i - 23 = 0, -11 = -l + 2*i. Suppose -7 = -l*p - 22. Let x(t) = 2*t**2 + 6*t - 5. Calculate x(p).
15
Let r(l) = 5*l**3 - l**2 - 2*l - 1. Let j be r(-1). Let p be j/15 - 2/(-6). Let g(s) = -s - 4. Let k(h) = -2*h - 8. Let q(d) = 5*g(d) - 3*k(d). Give q(p).
4
Suppose -3*w = 2*i - 1 - 20, 0 = 3*w - 2*i - 21. Let v(g) = g**3 - g**2 + g + 1. Let c(h) = -3*h**3 - 4*h**2 + 2*h - 4. Let p(m) = c(m) + 4*v(m). Give p(w).
-7
Let f be 9/(-3) + 4 + (-4 - -1). Let d(h) = -h**3 + 2*h + 1. Determine d(f).
5
Let b(v) = -2*v + 4. Suppose 8*o - 8 = 4*o - 2*p, 3*p + 3 = -o. Suppose -o = 2*f - 3*f. What is b(f)?
-2
Let t(g) = -2*g - 8. Let n(w) be the third derivative of -w**6/120 - 7*w**5/60 + 7*w**4/8 + 10*w**3/3 - 39*w**2. Let j be n(-9). What is t(j)?
6
Let i(a) = -a**3 + 9*a**2 - 8*a - 11. Let s be (-4)/(-18) - 258/(-54) - -3. Let n be 4/1 + -4 + s. Calculate i(n).
-11
Suppose 4 - 1 = j. Let w(u) = -u**3 - u**2 + 7*u + 3. Let s(x) = x**2 - 2*x. Let c(z) = -6*s(z) - w(z). Give c(j).
-6
Let k(t) = t - 1. Let u = -24 - -30. Suppose -u = -i - 3. What is k(i)?
2
Let b(g) be the second derivative of -g**5/60 - 5*g**4/24 + g**3/6 - g. Let u(v) be the second derivative of b(v). Suppose 2*j + 4*j + 30 = 0. What is u(j)?
5
Let l(f) = 2*f**2 + 38*f + 45. Let c be l(-18). Let d(m) = 3 + 18*m + 3 - 8*m - c*m. Give d(5).
11
Let r(f) = 0*f + 222 + 2*f - 66 - 78 - 77. Let l be (